{"id":10,"date":"2015-02-19T12:00:40","date_gmt":"2015-02-19T11:00:40","guid":{"rendered":"http:\/\/www.cervstratel.fr\/?page_id=10"},"modified":"2025-04-14T16:57:15","modified_gmt":"2025-04-14T15:57:15","slug":"contact","status":"publish","type":"page","link":"https:\/\/www.cervstratel.com\/?page_id=10","title":{"rendered":"Contact"},"content":{"rendered":"<link href=\"https:\/\/cdn.jsdelivr.net\/npm\/bootstrap@5.3.3\/dist\/css\/bootstrap.min.css\" rel=\"stylesheet\">\n<div class=\"container py-5\">\n<h2 class=\"text-center mb-1 text-decoration-underline\">FORMULAIRE CONTACT<\/h2>\n<p class=\"text-center text-muted\">(*) : champ obligatoire<\/p>\n<form action=\"cgi_contact.php\" method=\"post\" name=\"form1\">\n<div class=\"row mb-3\">\n<div class=\"col-md-6\">\n        <label for=\"nom\" class=\"form-label\">Nom *<\/label><br \/>\n        <input type=\"text\" class=\"form-control\" id=\"nom\" name=\"T1\" required style=\"background:#eeeeff ; \"><\/div>\n<div class=\"col-md-6\">\n        <label for=\"prenom\" class=\"form-label\">Pr\u00e9nom<\/label><br \/>\n        <input type=\"text\" class=\"form-control\" id=\"prenom\" name=\"T2\" style=\"background:#eeeeff ; \"><\/div>\n<\/div>\n<div class=\"mb-3\">\n      <label for=\"societe\" class=\"form-label\">Soci\u00e9t\u00e9<\/label><br \/>\n      <input type=\"text\" class=\"form-control\" id=\"societe\" name=\"T3\" style=\"background:#eeeeff ; \"><\/div>\n<div class=\"mb-3\">\n      <label for=\"adresse\" class=\"form-label\">Adresse<\/label><br \/>\n      <input type=\"text\" class=\"form-control\" id=\"adresse\" name=\"T4\" style=\"background:#eeeeff ; \"><\/div>\n<div class=\"row mb-3\">\n<div class=\"col-md-4\">\n        <label for=\"cp\" class=\"form-label\">Code postal<\/label><br \/>\n        <input type=\"text\" class=\"form-control\" id=\"cp\" name=\"T5\" style=\"background:#eeeeff ; \"><\/div>\n<div class=\"col-md-8\">\n        <label for=\"ville\" class=\"form-label\">Ville<\/label><br \/>\n        <input type=\"text\" class=\"form-control\" id=\"ville\" name=\"T6\" style=\"background:#eeeeff ; \"><\/div>\n<\/div>\n<div class=\"row mb-3\">\n<div class=\"col-md-4\">\n        <label for=\"tel\" class=\"form-label\">Tel<\/label><br \/>\n        <input type=\"text\" class=\"form-control\" id=\"tel\" name=\"T7\" style=\"background:#eeeeff ; \"><\/div>\n<div class=\"col-md-4\">\n        <label for=\"portable\" class=\"form-label\">Portable<\/label><br \/>\n        <input type=\"text\" class=\"form-control\" id=\"portable\" name=\"T8\" style=\"background:#eeeeff ; \"><\/div>\n<div class=\"col-md-4\">\n        <label for=\"fax\" class=\"form-label\">Fax<\/label><br \/>\n        <input type=\"text\" class=\"form-control\" id=\"fax\" name=\"T9\" style=\"background:#eeeeff ; \"><\/div>\n<\/div>\n<div class=\"mb-3\">\n      <label for=\"email\" class=\"form-label\">E-mail *<\/label><br \/>\n      <input type=\"email\" class=\"form-control\" id=\"email\" name=\"email\" required style=\"background:#eeeeff ; \"><\/div>\n<div class=\"mb-3\">\n      <label class=\"form-label\">Mon centre d&rsquo;int\u00e9r\u00eat :<\/label><\/p>\n<div class=\"form-check\">\n        <input class=\"form-check-input\" type=\"checkbox\" name=\"B1\" value=\"Intrusion Power Master\" id=\"B1\" style=\"transform: scale(1.5); background:#eeeeff ; \" >     Intrusion Power Master<\/div>\n<div class=\"form-check\">\n        <input class=\"form-check-input\" type=\"checkbox\" name=\"B2\" value=\"Intrusion Power Code\" id=\"B2\" style=\"transform: scale(1.5);background:#eeeeff ; \" >       Intrusion Power Code<\/div>\n<div class=\"form-check\">\n        <input class=\"form-check-input\" type=\"checkbox\" name=\"B4\" value=\"T\u00e9l\u00e9 Assistance Mobile\" id=\"B4\" style=\"transform: scale(1.5);background:#eeeeff ; \" >      T\u00e9l\u00e9 Assistance Mobile<\/div>\n<div class=\"form-check\">\n        <input class=\"form-check-input\" type=\"checkbox\" name=\"B5\" value=\"T\u00e9l\u00e9 Assistance Fixe\" id=\"B5\" style=\"transform: scale(1.5); background:#eeeeff ; \" >       T\u00e9l\u00e9 Assistance Fixe<\/div>\n<div class=\"form-check\">\n        <input class=\"form-check-input\" type=\"checkbox\" name=\"B6\" value=\"Localisation \/ Contr\u00f4le fugue\" id=\"B6\" style=\"transform: scale(1.5);background:#eeeeff ; \" >       Localisation \/ Contr\u00f4le fugue<\/div>\n<div class=\"form-check\">\n        <input class=\"form-check-input\" type=\"checkbox\" name=\"B7\" value=\"Protection des nourrissons\" id=\"B7\" style=\"transform: scale(1.5);background:#eeeeff ; \" >      Protection des nourrissons<\/div>\n<div class=\"form-check\">\n        <input class=\"form-check-input\" type=\"checkbox\" name=\"B8\" value=\"Protection des mus\u00e9es\" id=\"B8\" style=\"transform: scale(1.5);background:#eeeeff ; \" >        Protection des mus\u00e9es<\/div>\n<div class=\"form-check\" >\n        <input class=\"form-check-input\" type=\"checkbox\" name=\"B9\" value=\"Je souhaite \u00eatre contact\u00e9 pour un rendez-vous commercial\" id=\"B9\" style=\"transform: scale(1.5); background:#eeeeff ; \" >  Je souhaite \u00eatre contact\u00e9 pour une \u00e9tude et un rendez-vous commercial<\/div>\n<\/div>\n<div class=\"mb-3\">\n      <label for=\"message\" class=\"form-label\">Votre message<\/label><br \/>\n      <textarea class=\"form-control\" id=\"message\" name=\"T14\" rows=\"5\" style=\"background:#eeeeff ; \" placeholder=\"Saisissez votre message ici...\" style=\"border: 1px solid #224477;\" ><\/textarea><\/div>\n<div class=\"text-center\">\n      <button class=\"g-recaptcha btn btn-primary btn-lg\" data-sitekey=\"6LcZTdsfAAAAAEA03dBSXwPoKCeGd5GfFNXO23Ge\" data-callback=\"onSubmit\">Valider<\/button><\/div>\n<\/form>\n<\/div>\n","protected":false},"excerpt":{"rendered":"<p>FORMULAIRE CONTACT (*) : champ obligatoire Nom * Pr\u00e9nom Soci\u00e9t\u00e9 Adresse Code postal Ville Tel Portable Fax E-mail * Mon centre d&rsquo;int\u00e9r\u00eat : Intrusion Power Master Intrusion Power Code T\u00e9l\u00e9 Assistance Mobile T\u00e9l\u00e9 Assistance Fixe Localisation \/ Contr\u00f4le fugue Protection des nourrissons Protection des mus\u00e9es Je souhaite \u00eatre contact\u00e9 pour une \u00e9tude et un rendez-vous [&hellip;]<\/p>\n","protected":false},"author":1,"featured_media":0,"parent":0,"menu_order":4,"comment_status":"open","ping_status":"open","template":"templates\/template-sidebar-left-right.php","meta":{"footnotes":""},"class_list":["post-10","page","type-page","status-publish","hentry"],"_links":{"self":[{"href":"https:\/\/www.cervstratel.com\/index.php?rest_route=\/wp\/v2\/pages\/10","targetHints":{"allow":["GET"]}}],"collection":[{"href":"https:\/\/www.cervstratel.com\/index.php?rest_route=\/wp\/v2\/pages"}],"about":[{"href":"https:\/\/www.cervstratel.com\/index.php?rest_route=\/wp\/v2\/types\/page"}],"author":[{"embeddable":true,"href":"https:\/\/www.cervstratel.com\/index.php?rest_route=\/wp\/v2\/users\/1"}],"replies":[{"embeddable":true,"href":"https:\/\/www.cervstratel.com\/index.php?rest_route=%2Fwp%2Fv2%2Fcomments&post=10"}],"version-history":[{"count":54,"href":"https:\/\/www.cervstratel.com\/index.php?rest_route=\/wp\/v2\/pages\/10\/revisions"}],"predecessor-version":[{"id":1337,"href":"https:\/\/www.cervstratel.com\/index.php?rest_route=\/wp\/v2\/pages\/10\/revisions\/1337"}],"wp:attachment":[{"href":"https:\/\/www.cervstratel.com\/index.php?rest_route=%2Fwp%2Fv2%2Fmedia&parent=10"}],"curies":[{"name":"wp","href":"https:\/\/api.w.org\/{rel}","templated":true}]}}