{"id":859,"date":"2017-02-20T09:45:20","date_gmt":"2017-02-20T08:45:20","guid":{"rendered":"http:\/\/www.cervstratel.com\/?page_id=859"},"modified":"2017-02-20T09:49:22","modified_gmt":"2017-02-20T08:49:22","slug":"vgsm-120","status":"publish","type":"page","link":"https:\/\/www.cervstratel.com\/?page_id=859","title":{"rendered":"VGSM-120"},"content":{"rendered":"<table>\n<tbody>\n<tr>\n<td style=\"border: solid 1px #dddddd;\" align=\"center\" width=\"805\">\n<table border=\"0\" width=\"800\" cellpadding=\"10\">\n<tbody>\n<tr>\n<td class=\"border\" style=\"font-family: Helvetica, Arial, sans-serif;\" align=\"center\" valign=\"top\">\n<table border=\"0\" width=\"800\">\n<tbody>\n<tr>\n<td style=\"font-family: Helvetica, Arial, sans-serif;\" align=\"right\"><a href=\"http:\/\/www.cervstratel.com\/\" target=\"_blank\"><img loading=\"lazy\" decoding=\"async\" src=\"http:\/\/www.cervstratel.com\/images\/emailing\/bandeau.jpg\" alt=\"bandeau\" width=\"780\" height=\"112\" \/> <\/a><a href=\"http:\/\/www.cervstratel.com\/\" target=\"_blank\">http:\/\/www.cervstratel.com<\/a><\/td>\n<\/tr>\n<\/tbody>\n<\/table>\n<hr width=\"100%\" \/>\n<table border=\"0\" width=\"800\">\n<tbody>\n<tr>\n<td align=\"center\" valign=\"center\" width=\"580\">\n<div style=\"font-family: Helvetica, Arial, sans-serif; font-size: 30px; color: #254061;\"><b>INFORMATION PRODUITS<\/b><\/div>\n<\/td>\n<td class=\"titre\" align=\"center\" valign=\"top\" width=\"210\"><a href=\"http:\/\/www.cervstratel.com\/\" target=\"_blank\"><img decoding=\"async\" src=\"http:\/\/www.cervstratel.com\/images\/emailing\/logo_visonic.png\" alt=\"\" width=\"210\" \/><\/a><\/td>\n<\/tr>\n<\/tbody>\n<\/table>\n<hr width=\"100%\" \/>\n<table border=\"0\">\n<tbody>\n<tr>\n<td align=\"center\" width=\"700\">\n<div style=\"font-size: 25px; color: #254061;\">\n<p><b>Transmetteur GSM universel<br \/>\nVGSM120 <\/b><\/p>\n<\/div>\n<\/td>\n<td width=\"100\">\n<p style=\"text-align: right;\"><a href=\"http:\/\/www.cervstratel.com\/telechargement\/Visonic_VGSM_120_French_Data_Sheet.pdf\" target=\"_blank\">T\u00e9l\u00e9charger la<br \/>\ndocumentation<br \/>\ncommerciale<br \/>\n<\/a><a href=\"http:\/\/www.cervstratel.com\/wp-content\/uploads\/2015\/02\/PowerG.pdf\" target=\"_blank\"><img decoding=\"async\" class=\" wp-image-243 alignnone\" src=\"http:\/\/www.cervstratel.com\/wp-content\/uploads\/2015\/02\/PDF-Icon.png\" alt=\"PDF-Icon\" width=\"30\" \/><\/a><\/p>\n<\/td>\n<\/tr>\n<\/tbody>\n<\/table>\n<table border=\"0\" width=\"800\">\n<tbody>\n<tr>\n<td valign=\"top\" width=\"250\">\n<div style=\"font-size: 25px; font-weight: normal; color: #254061;\">Nouveaut\u00e9 VISONIC<\/div>\n<\/td>\n<td rowspan=\"2 width=\" align=\"left\"><a href=\"http:\/\/www.cervstratel.com\/\" target=\"_blank\"><img decoding=\"async\" src=\"http:\/\/www.cervstratel.com\/images\/emailing\/vgsm120_logo.jpg\" alt=\"\" width=\"500\" \/><\/a><\/td>\n<\/tr>\n<tr>\n<td width=\"250\" height=\"100\"><\/td>\n<\/tr>\n<\/tbody>\n<\/table>\n<p>&nbsp;<\/p>\n<table border=\"0\" width=\"800\">\n<tbody>\n<tr>\n<td width=\"50\"><\/td>\n<td valign=\"middle\" width=\"750\">\n<div style=\"font-size: 25px; font-weight: normal; color: #254061;\">Pour toute nouvelle installation d&rsquo;alarme ou d\u00e9j\u00e0 en place, le<br \/>\nVGSM 120 vous permet au choix d&rsquo;assurer :<\/div>\n<\/td>\n<\/tr>\n<\/tbody>\n<\/table>\n<table border=\"0\" width=\"800\">\n<tbody>\n<tr>\n<td width=\"100\"><\/td>\n<td align=\"right\" width=\"700\"><a href=\"http:\/\/www.cervstratel.com\/\" target=\"_blank\"><img decoding=\"async\" src=\"http:\/\/www.cervstratel.com\/images\/emailing\/vgsm120_carte.jpg\" alt=\"\" width=\"100\" \/><\/a><\/td>\n<\/tr>\n<tr>\n<td align=\"right\" valign=\"middle\" width=\"100\"><a href=\"http:\/\/www.cervstratel.com\/\" target=\"_blank\"><img decoding=\"async\" src=\"http:\/\/www.cervstratel.com\/images\/emailing\/puce.jpg\" alt=\"\" width=\"15\" \/><\/a><\/td>\n<td align=\"left\" valign=\"middle\" width=\"700\">\n<div style=\"font-size: 15px; font-weight: normal; color: #254061;\">Un secours automatique de votre ligne t\u00e9l\u00e9phonique via le r\u00e9seau GSM.<\/div>\n<\/td>\n<\/tr>\n<tr>\n<td align=\"right\" valign=\"middle\" width=\"100\"><a href=\"http:\/\/www.cervstratel.com\/\" target=\"_blank\"><img decoding=\"async\" src=\"http:\/\/www.cervstratel.com\/images\/emailing\/puce.jpg\" alt=\"\" width=\"15\" \/><\/a><\/td>\n<td valign=\"top\" width=\"700\">\n<div style=\"font-size: 15px; font-weight: normal; color: #254061;\">Une transmission GSM de votre syst\u00e8me d&rsquo;alarme existant vers votre t\u00e9l\u00e9phone ou votre t\u00e9l\u00e9surveilleur.<\/div>\n<\/td>\n<\/tr>\n<tr>\n<td align=\"right\" valign=\"middle\" width=\"100\"><a href=\"http:\/\/www.cervstratel.com\/\" target=\"_blank\"><img decoding=\"async\" src=\"http:\/\/www.cervstratel.com\/images\/emailing\/puce.jpg\" alt=\"\" width=\"15\" \/><\/a><\/td>\n<td valign=\"top\" width=\"700\">\n<div style=\"font-size: 15px; font-weight: normal; color: #254061;\">L&rsquo;envoi jusqu&rsquo;\u00e0 8 messages vocaux jusqu&rsquo;\u00e0 16s chacun via le r\u00e9seau GSM.<\/div>\n<\/td>\n<\/tr>\n<tr>\n<td align=\"right\" valign=\"middle\" width=\"100\"><a href=\"http:\/\/www.cervstratel.com\/\" target=\"_blank\"><img decoding=\"async\" src=\"http:\/\/www.cervstratel.com\/images\/emailing\/puce.jpg\" alt=\"\" width=\"15\" \/><\/a><\/td>\n<td valign=\"top\" width=\"700\">\n<div style=\"font-size: 15px; font-weight: normal; color: #254061;\">L&rsquo;envoi jusqu&rsquo;\u00e0 11 messages SMS de 100 caract\u00e8res.<\/div>\n<\/td>\n<\/tr>\n<tr>\n<td align=\"right\" valign=\"middle\" width=\"100\"><a href=\"http:\/\/www.cervstratel.com\/\" target=\"_blank\"><img decoding=\"async\" src=\"http:\/\/www.cervstratel.com\/images\/emailing\/puce.jpg\" alt=\"\" width=\"15\" \/><\/a><\/td>\n<td valign=\"top\" width=\"700\">\n<div style=\"font-size: 15px; font-weight: normal; color: #254061;\">La gestion de 3 entr\u00e9es ou sorties param\u00e9trables.<\/div>\n<\/td>\n<\/tr>\n<tr>\n<td align=\"right\" valign=\"middle\" width=\"100\"><a href=\"http:\/\/www.cervstratel.com\/\" target=\"_blank\"><img decoding=\"async\" src=\"http:\/\/www.cervstratel.com\/images\/emailing\/puce.jpg\" alt=\"\" width=\"15\" \/><\/a><\/td>\n<td valign=\"top\" width=\"700\">\n<div style=\"font-size: 15px; font-weight: normal; color: #254061;\">Le d\u00e9clenchement des sorties par reconnaissance des appels entrants ou SMS.<\/div>\n<\/td>\n<\/tr>\n<\/tbody>\n<\/table>\n<p>&nbsp;<\/p>\n<table border=\"0\" width=\"800\">\n<tbody>\n<tr>\n<td align=\"center\" width=\"40\"><\/td>\n<td width=\"760\">\n<div style=\"font-size: 20px; color: #254061;\">Ce produit est d\u00e9sormais <b>disponible <\/b>\u00e0 la vente chez <b>tous nos partenaires<br \/>\ndistributeurs<br \/>\nagr\u00e9\u00e9s<\/b>. N&rsquo;h\u00e9sitez pas \u00e0 nous contacter pour tous renseignements<br \/>\nau Tel : +33 (0) 1 43 04 40 60<\/div>\n<div class=\"texte\" align=\"center\"><a href=\"mailto:info@cervstratel.com\">info@cervstratel.com<\/a> <a href=\"http:\/\/www.cervstratel.com\/\" target=\"_blank\"><br \/>\nhttp:\/\/www.cervstratel.com\/ <\/a><\/div>\n<\/td>\n<\/tr>\n<\/tbody>\n<\/table>\n<\/td>\n<\/tr>\n<\/tbody>\n<\/table>\n<\/td>\n<\/tr>\n<\/tbody>\n<\/table>\n","protected":false},"excerpt":{"rendered":"<p>http:\/\/www.cervstratel.com INFORMATION PRODUITS Transmetteur GSM universel VGSM120 T\u00e9l\u00e9charger la documentation commerciale Nouveaut\u00e9 VISONIC &nbsp; Pour toute nouvelle installation d&rsquo;alarme ou d\u00e9j\u00e0 en place, le VGSM 120 vous permet au choix d&rsquo;assurer : Un secours automatique de votre ligne t\u00e9l\u00e9phonique via le r\u00e9seau GSM. Une transmission GSM de votre syst\u00e8me d&rsquo;alarme existant vers votre t\u00e9l\u00e9phone ou [&hellip;]<\/p>\n","protected":false},"author":1,"featured_media":0,"parent":0,"menu_order":0,"comment_status":"closed","ping_status":"closed","template":"templates\/template-sidebar-left.php","meta":{"footnotes":""},"class_list":["post-859","page","type-page","status-publish","hentry"],"_links":{"self":[{"href":"https:\/\/www.cervstratel.com\/index.php?rest_route=\/wp\/v2\/pages\/859","targetHints":{"allow":["GET"]}}],"collection":[{"href":"https:\/\/www.cervstratel.com\/index.php?rest_route=\/wp\/v2\/pages"}],"about":[{"href":"https:\/\/www.cervstratel.com\/index.php?rest_route=\/wp\/v2\/types\/page"}],"author":[{"embeddable":true,"href":"https:\/\/www.cervstratel.com\/index.php?rest_route=\/wp\/v2\/users\/1"}],"replies":[{"embeddable":true,"href":"https:\/\/www.cervstratel.com\/index.php?rest_route=%2Fwp%2Fv2%2Fcomments&post=859"}],"version-history":[{"count":5,"href":"https:\/\/www.cervstratel.com\/index.php?rest_route=\/wp\/v2\/pages\/859\/revisions"}],"predecessor-version":[{"id":864,"href":"https:\/\/www.cervstratel.com\/index.php?rest_route=\/wp\/v2\/pages\/859\/revisions\/864"}],"wp:attachment":[{"href":"https:\/\/www.cervstratel.com\/index.php?rest_route=%2Fwp%2Fv2%2Fmedia&parent=859"}],"curies":[{"name":"wp","href":"https:\/\/api.w.org\/{rel}","templated":true}]}}